NOAA-Style Climate Reports

Select a Year or Month report
2017: Jan Feb Mar Apr May Jun Jul Aug Sep Oct Nov Dec
2016: Jan Feb Mar Apr May Jun Jul Aug Sep Oct Nov Dec
2015: Jan Feb Mar Apr May Jun Jul Aug Sep Oct Nov Dec
2014: Jan Feb Mar Apr May Jun Jul Aug Sep Oct Nov Dec
2013: Jan Feb Mar Apr May Jun Jul Aug Sep Oct Nov Dec
2012: Jan Feb Mar Apr May Jun Jul Aug Sep Oct Nov Dec
2011: Jan Feb Mar Apr May Jun Jul Aug Sep Oct Nov Dec
2010: Jan Feb Mar Apr May Jun Jul Aug Sep Oct Nov Dec
2009: Jan Feb Mar Apr May Jun Jul Aug Sep Oct Nov Dec
2008: Jan Feb Mar Apr May Jun Jul Aug Sep Oct Nov Dec
2007: Jan Feb Mar Apr May Jun Jul Aug Sep Oct Nov Dec

Report for 2009 March
                  MONTHLY CLIMATOLOGICAL SUMMARY FOR 3/2009
                                        HEAT  COOL        
     MEAN                               DEG   DEG       WIND SPEED       DOM MEAN  MEAN
DAY  TEMP  HIGH   TIME     LOW   TIME   DAYS  DAYS RAIN AVG  HI  TIME    DIR BAROM HUM
---------------------------------------------------------------------------------------
1     9.3  12.2   6:30am   4.5  12:40am   23    0  0.00   1   4   6:10am ESE 29.91   62
2    10.0  13.7   5:05pm   5.9  12:00am   69    0  0.00   1  11   4:20pm NNW 29.94   54
3    19.2  22.6   3:35pm  14.1   7:25am   66    0  0.00   0   5  12:00am ESE 30.08   81
4    19.5  22.6   3:35pm  14.1   7:25am   70    0  0.00   0   5  12:00am ESE 30.08   82
5    28.2  37.8  12:30pm  20.7  12:50am   36    0  0.00   5  25   2:19pm SSE 29.93   84
6    15.4  19.7   9:58am  13.1   8:00am   21    0  0.00   2  17  12:00am  NE 30.61   39
7    17.9  23.5  10:50am  13.1   8:00am   45    0  0.00   4  19   4:10pm  NE 30.62   38
8    32.1  34.4   1:57pm  31.2   1:20am   19    0  0.00  16  35   9:15am ENE 30.07   59
9    28.6  33.3  10:35pm  19.7   4:45am   20    0  0.00   9  34   4:55pm   E 30.18   61
10   32.6  38.2   3:05pm  28.8   3:35am   23    0  0.00   3  26   2:45pm WNW 30.00   66
11   10.2   6.7  12:00am   6.7  12:00am   53    0  0.00   4   7  12:00am SSW 29.42   52
12   29.2  34.8  12:00am  25.7   5:55pm   35    0  0.00   2  16  12:00am  SW 29.67   78
13   24.0  26.5   3:45pm  22.8  11:10pm   62    0  0.01   2  10   3:05pm SSW 29.46   88
14   20.1  24.7   6:00pm  13.5  11:55pm   44    0  0.00   2  16   4:00pm NNE 29.46   79
15   10.2  17.7   5:05pm   3.3   8:05am   53    0  0.00   4  23  12:05pm SSW 29.42   52
16    8.1  13.9  12:00am  13.9  12:00am   92    0  0.00   2   6  12:00am SSW 29.44   74
17   27.6  26.0  12:00am  26.0  12:00am  115    0  0.00   1   3  12:00am  SE 29.68   58
18   17.9  20.8  12:00am  14.6   5:52am   12    0  0.00   1   5   4:25am  NW 29.65   69
19   15.7  20.5  12:15am  11.6   6:40am   21    0  0.00   1   7   1:55am ENE 29.76   57
20   13.1  16.9  12:10am   9.5   9:10am   24    0  0.00   1   9   1:50am   E 29.76   66
21   14.7  18.1   4:50pm   9.5   9:10am   50    0  0.00   2  13   4:15pm   E 29.73   66
22   28.6  31.0   2:10am  25.8   7:25am   14    0  0.00   1   6   2:05am   N 29.58   62
23   28.8  32.9   1:55pm  23.6   9:15am   32    0  0.00   1  10   4:56pm NNE 29.64   67
24   31.6  39.1  12:10pm  25.8   7:25am   33    0  0.06   3  21   3:45pm ENE 29.74   60
25   30.0  34.6  12:00am  27.2   2:20am    9    0  0.00   4  38   1:05am ESE 29.11   76
26   31.0  35.0  12:30am  28.3   7:40am   11    0  0.00   4  22  12:40am SSW 29.48   79
27   20.0  27.9   4:06pm  16.7   9:30am   33    0  0.01   3  20   4:16pm   S 29.84   82
28   28.3  33.8   1:40pm  24.9   2:00am   21    0  0.00  22  59   5:35am   E 29.50   61
29   29.1  25.7  12:00am  25.7  12:00am   31    0  0.00  17  12  12:00am ESE 29.39   64
30   20.3  29.6   3:35pm  13.0   7:40am   80    0  0.01   4  20   3:10pm   S 29.90   71
31   18.6  21.4   1:05am  16.2   5:59am   12    0  0.00   1   5  12:25am  SE 29.96   73
---------------------------------------------------------------------------------------
TOT  18.6  21.4   4/1/09  16.2   4/1/09 1225    0  0.00   1   5   4/1/09  SE 29.96   73

HEAT BASE: 65.0
COOL BASE: 65.0