NOAA-Style Climate Reports

Select a Year or Month report
2017: Jan Feb Mar Apr May Jun Jul Aug Sep Oct Nov Dec
2016: Jan Feb Mar Apr May Jun Jul Aug Sep Oct Nov Dec
2015: Jan Feb Mar Apr May Jun Jul Aug Sep Oct Nov Dec
2014: Jan Feb Mar Apr May Jun Jul Aug Sep Oct Nov Dec
2013: Jan Feb Mar Apr May Jun Jul Aug Sep Oct Nov Dec
2012: Jan Feb Mar Apr May Jun Jul Aug Sep Oct Nov Dec
2011: Jan Feb Mar Apr May Jun Jul Aug Sep Oct Nov Dec
2010: Jan Feb Mar Apr May Jun Jul Aug Sep Oct Nov Dec
2009: Jan Feb Mar Apr May Jun Jul Aug Sep Oct Nov Dec
2008: Jan Feb Mar Apr May Jun Jul Aug Sep Oct Nov Dec
2007: Jan Feb Mar Apr May Jun Jul Aug Sep Oct Nov Dec

Report for 2009 February
                  MONTHLY CLIMATOLOGICAL SUMMARY FOR 2/2009
                                        HEAT  COOL        
     MEAN                               DEG   DEG       WIND SPEED       DOM MEAN  MEAN
DAY  TEMP  HIGH   TIME     LOW   TIME   DAYS  DAYS RAIN AVG  HI  TIME    DIR BAROM HUM
---------------------------------------------------------------------------------------
1     8.2  13.1  11:30am   3.9   6:35am   89    0  0.00   1   7   1:55pm  SE 29.67   81
2    -0.6   2.8   6:30am  -2.9  11:55pm  105    0  0.00   5  16  12:10pm ENE 29.79   80
3    -1.9   2.7   1:35pm  -6.2   9:35am   65    0  0.00   1   6   5:15am   E 29.65   75
4     2.6  14.8  11:25pm  -3.6   1:25am   22    0  0.00   1   6   3:40am ESE 29.71   78
5    16.3  20.6   7:40pm  10.9   1:05am   23    0  0.00   2  17   8:25pm  SE 29.67   85
6    16.4  22.3   4:00pm  10.6  10:55pm   38    0  0.00   1   7   5:25pm  SE 29.57   76
7    12.6  18.2   2:10pm   9.1   6:54pm   52    0  0.00   1   7  11:35pm  SE 29.42   75
8     8.0   9.3   7:05pm   7.0  10:25pm   64    0  0.00   2   6   7:20pm  SE 29.68   85
9     8.0   7.2  12:00am   7.2  12:00am  103    0  0.00   1   5  12:00am  SW 29.70   81
10    7.8   8.2  12:00am   8.2  12:00am  136    0  0.00   2   1  12:00am ESE 30.00   65
11   34.3  36.5   1:55am  29.1   8:59am   11    0  0.00  17  43   1:45am  NE 30.06   57
12   23.3  34.3  11:05pm  17.6   7:30am  186    0  0.00   4  41   9:54pm ESE 30.29   81
13   33.6  36.6   2:40pm  31.9   6:15am   28    0  0.00  13  33  12:20am ENE 30.07   58
14   33.6  36.6   2:40pm  30.9  11:55pm   29    0  0.00  13  33  12:20am ENE 30.07   59
15   32.5  35.2  12:00am  35.2  12:00am   18    0  0.00  19  25  12:00am ENE 29.75   64
16   32.8  33.3  12:00am  31.6   5:57am    8    0  0.00   0   4  12:00am   E 29.73   69
17   30.8  27.3  12:00am  27.3  12:00am   32    0  0.00   1   4  12:00am   S 29.94   82
18   25.9  35.5  11:30pm  24.4   8:30am   60    0  0.00   1  20  11:20pm  NE 30.39   91
19    0.0  17.9  12:00am  17.9  12:00am    0    0  0.00   0  17  12:00am ---  0.00    0
20   24.4  27.8  12:00am  20.6   7:15am   17    0  0.00   2  13  12:35am   E 30.44   86
21   22.6  27.1  12:40am  18.7   8:55am   16    0  0.00   7  28   1:30am SSE 29.87   69
22   17.4  23.2   3:40pm  12.4   7:10am   46    0  0.00   1   9   9:15pm NNE 30.38   59
23   25.1  29.6   3:00pm  17.9   7:40am   77    0  0.00   1   6  12:20pm NNE 30.16   49
24   26.3  31.9   1:20pm  22.1   7:40am   39    0  0.00   1   7   1:50pm SSE 30.16   51
25   26.6  32.5   3:40pm  22.0   8:25am   37    0  0.00   5  32   5:10pm SSE 30.07   64
26   21.7  27.1  12:40am  17.3   9:45pm   43    0  0.00   5  28   1:30am SSE 30.08   72
27   17.7  21.2   3:10pm  12.3   8:40am   47    0  0.00   2  10  12:20pm NNE 30.49   67
28   19.5  23.5  11:45am  16.0  11:58pm   24    0  0.00   1  11   2:18pm NNW 30.15   87
---------------------------------------------------------------------------------------
TOT  19.7  38.9  2/19/09  -6.2   2/3/09 1415    0  0.12   4  46  2/15/09   E 30.02   71

HEAT BASE: 65.0
COOL BASE: 65.0