NOAA-Style Climate Reports

Select a Year or Month report
2017: Jan Feb Mar Apr May Jun Jul Aug Sep Oct Nov Dec
2016: Jan Feb Mar Apr May Jun Jul Aug Sep Oct Nov Dec
2015: Jan Feb Mar Apr May Jun Jul Aug Sep Oct Nov Dec
2014: Jan Feb Mar Apr May Jun Jul Aug Sep Oct Nov Dec
2013: Jan Feb Mar Apr May Jun Jul Aug Sep Oct Nov Dec
2012: Jan Feb Mar Apr May Jun Jul Aug Sep Oct Nov Dec
2011: Jan Feb Mar Apr May Jun Jul Aug Sep Oct Nov Dec
2010: Jan Feb Mar Apr May Jun Jul Aug Sep Oct Nov Dec
2009: Jan Feb Mar Apr May Jun Jul Aug Sep Oct Nov Dec
2008: Jan Feb Mar Apr May Jun Jul Aug Sep Oct Nov Dec
2007: Jan Feb Mar Apr May Jun Jul Aug Sep Oct Nov Dec

Report for 2009 January
                  MONTHLY CLIMATOLOGICAL SUMMARY FOR 1/2009
                                        HEAT  COOL        
     MEAN                               DEG   DEG       WIND SPEED       DOM MEAN  MEAN
DAY  TEMP  HIGH   TIME     LOW   TIME   DAYS  DAYS RAIN AVG  HI  TIME    DIR BAROM HUM
---------------------------------------------------------------------------------------
1    -2.4   3.4   1:20pm  -8.0   1:50am   67    0  0.00   1   7  10:55pm ENE 29.96   67
2    -5.4  -1.6  12:55pm  -8.9  11:10am   70    0  0.00   1  10   5:50pm NNE 29.77   67
3    -9.4  -3.9   1:35pm -12.1   8:55am   74    0  0.00   1   6   2:05pm  SE 29.63   69
4    -7.5  -4.0   8:25pm -12.5   5:45am   71    0  0.00   1  13  11:45am   E 29.29   75
5    -4.3  -7.2  12:00am  -7.2  12:00am   67    0  0.00   2   1  12:00am NNE 29.50   71
6    -8.9  -1.6   1:40pm -13.1   7:30pm  121    0  0.00   1   4   6:55am NNE 29.72   78
7    10.0  16.6  12:15pm   4.2  12:00am   30    0  0.00   1   7  12:10am NNW 30.06   61
8     1.8  18.3   8:16pm  -8.6  12:00am   60    0  0.00   1  11   6:12pm  NE 29.73   73
9     3.0  10.0   2:15pm  -3.0   2:20am   60    0  0.00   2  15   7:25am ENE 29.74   56
10    5.3  15.9   3:30pm  -1.4  12:10am   46    0  0.00   1   4   2:05am   E 29.95   59
11   44.7  51.8   6:00am  38.5  11:15am   10    0  0.21  26  72  11:00am ENE 29.53   62
12   20.5  26.6   5:00am  12.9   6:41am   36    0  0.00   1   9   4:45am ENE 29.77   78
13   34.4  45.3  11:30pm  23.7  12:00am   55    0  0.03  15  61   7:40pm ENE 29.76   75
14   39.4  42.8   9:34am  35.1   1:05am   10    0  0.15  36  78   1:00am ENE 29.40   65
15   43.3  45.7   2:55am  41.0  11:33am   11    0  0.00  24  59  12:20am ENE 29.59   54
16   41.0  50.1  12:00am  37.2   5:25pm   35    0  0.00  24  70   6:00pm   E 29.40   69
17   40.5  45.7   2:55am  34.1   5:44pm   24    0  0.00  16  59  12:20am   E 29.64   63
18   29.1  32.8  12:25am  22.4   6:45am   10    0  0.00   6  24  12:20am  SE 30.17   63
19   37.3  42.8   4:05am  30.2  11:10pm   26    0  0.00   4  40  12:15am ENE 29.87   76
20   27.9  30.5   3:25am  23.7  11:45pm   36    0  0.00   1  10   5:10pm  NE 30.26   92
21   22.0  28.3  11:00pm  19.9   5:05pm   66    0  0.00   1   5  12:00am NNE 30.34   85
22   29.1  34.4   2:50pm  24.3   8:20am   34    0  0.00   3  24  11:50pm WSW 30.28   54
23   30.1  33.0  10:24am  23.9   7:05am   16    0  0.00   7  28  12:30am WSW 30.28   61
24   30.3  34.4   4:00pm  23.9   7:05am   30    0  0.00   6  28  12:30am WSW 30.28   66
25   24.5  26.1  12:25am  23.0   5:59am   10    0  0.00   2   6   1:50am   E 29.94   75
26   19.0  24.0   2:00pm  15.3   2:25am   36    0  0.00   2  13   6:30pm  SE 29.72   78
27   19.4  24.0   2:00pm  15.3   2:25am   45    0  0.00   2  13   6:30pm   E 29.74   77
28    3.5   8.1   4:25am  -0.3   7:50am   33    0  0.00   1  11  10:01am   N 29.59   81
---------------------------------------------------------------------------------------
TOT   3.5   8.1   2/1/09  -0.3   2/1/09 1189    0  0.00   1  11   2/1/09   N 29.59   81

HEAT BASE: 65.0
COOL BASE: 65.0