NOAA-Style Climate Reports

Select a Year or Month report
2017: Jan Feb Mar Apr May Jun Jul Aug Sep Oct Nov Dec
2016: Jan Feb Mar Apr May Jun Jul Aug Sep Oct Nov Dec
2015: Jan Feb Mar Apr May Jun Jul Aug Sep Oct Nov Dec
2014: Jan Feb Mar Apr May Jun Jul Aug Sep Oct Nov Dec
2013: Jan Feb Mar Apr May Jun Jul Aug Sep Oct Nov Dec
2012: Jan Feb Mar Apr May Jun Jul Aug Sep Oct Nov Dec
2011: Jan Feb Mar Apr May Jun Jul Aug Sep Oct Nov Dec
2010: Jan Feb Mar Apr May Jun Jul Aug Sep Oct Nov Dec
2009: Jan Feb Mar Apr May Jun Jul Aug Sep Oct Nov Dec
2008: Jan Feb Mar Apr May Jun Jul Aug Sep Oct Nov Dec
2007: Jan Feb Mar Apr May Jun Jul Aug Sep Oct Nov Dec

Report for 2008 December
                  MONTHLY CLIMATOLOGICAL SUMMARY FOR 12/2008
                                        HEAT  COOL        
     MEAN                               DEG   DEG       WIND SPEED       DOM MEAN  MEAN
DAY  TEMP  HIGH   TIME     LOW   TIME   DAYS  DAYS RAIN AVG  HI  TIME    DIR BAROM HUM
---------------------------------------------------------------------------------------
1    35.7  38.2   1:20pm  33.2   5:41pm   26    0  0.07   1  12  12:00am   E 29.67   83
2    15.0  26.3   8:03pm   6.7   2:20am   49    0  0.00   1  16   5:55pm ESE 30.45   72
3    29.1  36.7   9:37pm  20.3   2:30pm   35    0  0.00   6  32  10:45pm  NW 30.09   75
4    35.9  40.5   6:10pm  28.0  12:00am   56    0  0.01   4  33   8:45pm  NW 29.67   72
5    37.2  39.6   4:29pm  35.1  11:30pm   73    0  0.00   2  13   3:30pm NNW 29.65   77
6    35.6  38.2   1:20pm  33.2   5:41pm   28    0  0.00   1  12  12:00am   E 29.67   83
7    26.8  31.0   5:25am  23.4   2:50am   15    0  0.00   1  13   7:45am ESE 29.71   90
8    29.0  33.5   6:15pm  23.4   2:50am   34    0  0.00   2  20   5:45pm ESE 29.34   87
9    24.0  34.1  12:50am  18.2   6:05pm   41    0  0.00   1  10  12:10am WNW 28.83   88
10   26.4  32.8   9:45am  21.5  10:10pm   39    0  0.00   2  19   5:30pm   S 29.74   85
11    7.6  10.1  11:20am   5.3   9:25am   59    0  0.00   1   4  10:50am NNE 30.73   86
12    8.4  13.0   9:50pm   5.3   9:25am   81    0  0.00   1  14   9:55pm ESE 30.71   83
13    9.2  16.8   1:30pm   3.6   3:15am   56    0  0.00   1  11  12:05am ESE 30.82   74
14   26.1  31.2  12:15pm  19.3  12:15am   19    0  0.00   3  14   2:40am   E 30.72   57
15   29.5  30.5   9:05am  28.0  12:15am   19    0  0.00   1   5   2:05am   N 30.14   65
16   18.4  28.2  12:00am  14.3   4:54pm   44    0  0.00   1  10   1:40am NNE 30.55   88
17   23.6  27.7  12:40pm  18.7  12:00am   41    0  0.00   1   9   4:00pm ENE 30.46   53
18   28.1  30.1  12:55pm  26.4  11:10pm   36    0  0.00   0   3   3:45am ENE 30.29   51
19   29.4  33.4  12:50pm  27.0  12:00am   34    0  0.00   2  21   8:00am ENE 30.15   63
20   27.8  30.5   9:05am  21.2  11:53pm   37    0  0.00   1  10   3:10pm   E 30.13   66
21   19.5  22.1  12:15am  16.3  10:59am   43    0  0.00   1  10   8:00pm   E 30.08   72
22    0.0  12.4   4:45am  12.4   4:45am    0    0  0.00   0   2   4:45am ---  0.00    0
23   20.4  25.6   8:05am  15.8   3:50pm   74    0  0.00   1  13   8:00am ENE 29.41   83
24   18.6  23.0   9:13am  15.2   9:40pm   44    0  0.00   2  11   9:08am   E 29.81   65
25   18.2  19.4   3:40am  17.0  12:10am    8    0  0.00   1   5   3:00am   N 29.83   52
26   10.4  13.8   7:20am   5.9  11:55pm   44    0  0.00   2  15  11:40am   N 29.19   80
27    7.2  11.0   2:30pm   3.8   2:55am   58    0  0.00   1   6  12:10am   E 29.34   76
28    1.8   5.6  12:40am  -1.8   9:40pm   63    0  0.00   2  10   7:50am   E 29.68   71
29   -1.4   2.8   2:00pm  -5.3   7:15pm   66    0  0.00   1   7   1:40am   S 29.86   76
30   -1.3   2.4   7:25am  -7.5  10:30pm   66    0  0.00   1   9  12:40pm   S 30.01   73
31   -5.5   0.4   1:40pm  -9.2   7:00am   71    0  0.00   1   6  12:25am SSE 30.02   77
---------------------------------------------------------------------------------------
TOT  18.8  40.5  12/4/08  -9.2 12/31/08 1358    0  0.40   2  33  12/4/08   E 30.00   74

HEAT BASE: 65.0
COOL BASE: 65.0