NOAA-Style Climate Reports

Select a Year or Month report
2017: Jan Feb Mar Apr May Jun Jul Aug Sep Oct Nov Dec
2016: Jan Feb Mar Apr May Jun Jul Aug Sep Oct Nov Dec
2015: Jan Feb Mar Apr May Jun Jul Aug Sep Oct Nov Dec
2014: Jan Feb Mar Apr May Jun Jul Aug Sep Oct Nov Dec
2013: Jan Feb Mar Apr May Jun Jul Aug Sep Oct Nov Dec
2012: Jan Feb Mar Apr May Jun Jul Aug Sep Oct Nov Dec
2011: Jan Feb Mar Apr May Jun Jul Aug Sep Oct Nov Dec
2010: Jan Feb Mar Apr May Jun Jul Aug Sep Oct Nov Dec
2009: Jan Feb Mar Apr May Jun Jul Aug Sep Oct Nov Dec
2008: Jan Feb Mar Apr May Jun Jul Aug Sep Oct Nov Dec
2007: Jan Feb Mar Apr May Jun Jul Aug Sep Oct Nov Dec

Report for 2008 November
                  MONTHLY CLIMATOLOGICAL SUMMARY FOR 11/2008
                                        HEAT  COOL        
     MEAN                               DEG   DEG       WIND SPEED       DOM MEAN  MEAN
DAY  TEMP  HIGH   TIME     LOW   TIME   DAYS  DAYS RAIN AVG  HI  TIME    DIR BAROM HUM
---------------------------------------------------------------------------------------
1    19.4  24.6   1:20pm  14.3  11:55pm  210    0  0.00   1   7   2:37pm SSE 29.66   75
2    15.6  16.1  12:00am  16.1  12:00am   49    0  0.00   1   2  12:00am SSW 29.42   76
3    24.3  27.9   2:20pm  18.3  12:00am   97    0  0.00   1   5   9:11pm SSW 29.74   82
4    30.5  33.0  12:15pm  19.7  12:00am   65    0  0.00   1  12   8:30am   E 29.68   64
5    28.7  33.5  11:40am  25.8  11:10pm   27    0  0.00   1   7   7:21pm ENE 29.72   74
6    24.5  33.0  12:45pm  18.3   8:42pm   57    0  0.00   1  14   2:45pm   E 29.50   65
7    21.8  26.7  11:59am  19.1   7:00am   22    0  0.00   1   4  12:15am  SE 29.95   84
8    31.4  37.4   1:30am  24.9   6:40am   14    0  0.00   3  18   8:24am ENE 29.21   66
9    25.2  32.2  11:10pm  18.5   9:40am   37    0  0.00   4  19  10:05am ENE 29.56   71
10   33.8  37.6   5:00pm  24.9   6:40am   30    0  0.02   5  30  10:55pm ENE 29.17   67
11   30.0  37.1  12:30am  26.2   2:40pm   35    0  0.00   3  21  12:05am ENE 28.99   83
12   28.8  31.8   2:50am  24.9  11:25pm   36    0  0.00   3  14  12:00pm   S 29.32   74
13   29.6  35.8  11:45pm  25.9  12:00am   35    0  0.00   7  34  11:30am ESE 29.84   59
14   25.9  35.8  12:00am  22.4   7:30pm   39    0  0.00   1  16  12:10am NNE 29.86   85
15   27.5  32.5  11:15pm  24.1  12:00am   38    0  0.00   4  23  10:55pm   E 30.14   69
16   27.9  34.2  10:55am  21.6   6:25am   37    0  0.00   4  30   2:50am   E 30.15   76
17   14.0  19.3  11:50am   9.0   7:27pm   73    0  0.00   1   4  11:15am SSW 30.29   80
18   13.6  19.3  11:50am   9.0   7:27pm   77    0  0.00   1   4  11:15am SSW 30.30   79
19   11.7  13.4  12:00am  13.4  12:00am   53    0  0.00   1   3  12:00am  SE 30.15   75
20   11.8  14.9  12:00pm   9.0  12:45am   29    0  0.00   0   4  12:15pm ESE 29.29   83
21   10.6  18.3  12:05pm   8.2   6:28pm   51    0  0.00   0   5   6:25am  SE 29.36   83
22   11.9  14.9  12:00pm   8.5  10:50pm   51    0  0.00   0   4  12:15pm   E 29.36   84
23   21.1  36.8  11:20pm  11.2  12:00am   43    0  0.00   4  32   9:07pm  SE 29.39   81
24   17.1  20.5  12:00am  13.7   5:56pm   36    0  0.00   1  12   2:40pm NNE 29.55   89
25   30.4  35.7  11:50am  20.5  11:55pm   35    0  0.01   3  22   7:20am ESE 29.17   77
26   16.8  20.5  12:00am  13.4  11:55pm   39    0  0.00   1  12   2:40pm NNE 29.55   89
27   19.9  33.0  11:53pm  12.0   5:45am   45    0  0.00   1  11  12:48pm ESE 29.29   91
28   32.5  34.3   2:40pm  30.3   9:50am   27    0  0.00   1  14   8:40am ESE 29.13   91
29   29.3  34.7   4:40am  20.4  11:54pm   36    0  0.00   1   9   2:45am SSW 29.44   91
30   17.5  20.4  12:00am  13.5   7:39pm   76    0  0.00   0   0  12:00am SSW 29.90   90
---------------------------------------------------------------------------------------
TOT  23.3  37.6 11/10/08   6.5 11/19/08 1498    0  0.06   2  34 11/13/08   E 29.60   79

HEAT BASE: 65.0
COOL BASE: 65.0