NOAA-Style Climate Reports

Select a Year or Month report
2017: Jan Feb Mar Apr May Jun Jul Aug Sep Oct Nov Dec
2016: Jan Feb Mar Apr May Jun Jul Aug Sep Oct Nov Dec
2015: Jan Feb Mar Apr May Jun Jul Aug Sep Oct Nov Dec
2014: Jan Feb Mar Apr May Jun Jul Aug Sep Oct Nov Dec
2013: Jan Feb Mar Apr May Jun Jul Aug Sep Oct Nov Dec
2012: Jan Feb Mar Apr May Jun Jul Aug Sep Oct Nov Dec
2011: Jan Feb Mar Apr May Jun Jul Aug Sep Oct Nov Dec
2010: Jan Feb Mar Apr May Jun Jul Aug Sep Oct Nov Dec
2009: Jan Feb Mar Apr May Jun Jul Aug Sep Oct Nov Dec
2008: Jan Feb Mar Apr May Jun Jul Aug Sep Oct Nov Dec
2007: Jan Feb Mar Apr May Jun Jul Aug Sep Oct Nov Dec

Report for 2008 October
                  MONTHLY CLIMATOLOGICAL SUMMARY FOR 10/2008
                                        HEAT  COOL        
     MEAN                               DEG   DEG       WIND SPEED       DOM MEAN  MEAN
DAY  TEMP  HIGH   TIME     LOW   TIME   DAYS  DAYS RAIN AVG  HI  TIME    DIR BAROM HUM
---------------------------------------------------------------------------------------
1    40.3  54.7   3:35pm  32.1   1:50am   25    0  0.00   2  12   3:45pm   N 29.74   61
2    34.8  46.3   4:40pm  27.3   8:20am   30    0  0.00   1  13   4:55pm ESE 29.40   76
3    35.6  39.0   9:19pm  31.5   8:15pm   29    0  0.03   1  19   9:15pm   E 29.32   81
4    33.9  38.4   1:55pm  30.0  11:05pm   31    0  0.05   1  10  12:35am  NE 29.45   84
5    31.6  36.3  12:20pm  28.5   8:30pm   33    0  0.00   1   9  10:00pm   E 29.50   89
6    30.6  36.3  12:00pm  26.2   5:25am   34    0  0.09   1   7   7:10pm ESE 29.59   88
7    31.0  40.4   2:40pm  28.5   9:15pm   34    0  0.25   0   6   4:25pm WSW 29.65   90
8    29.3  37.0  12:55pm  21.6  11:45pm   36    0  0.06   3  14   6:30am ESE 30.06   72
9    31.3  42.0   9:13pm  20.4   4:35am   34    0  0.22  11  49   6:10pm ESE 29.88   75
10   42.6  47.8   2:50pm  38.3   9:40am   22    0  0.81  18  64   3:45am ESE 29.30   70
11   44.0  46.3   1:15pm  39.4   8:08pm   21    0  0.00  14  51  12:17pm ENE 29.44   61
12   23.2  24.4  12:00am  22.0   4:35am   10    0  0.00   2   9   5:59am   N 29.88   89
13   25.0  30.3   1:25pm  20.5   8:50am   39    0  0.21   2  17  11:55pm NNW 29.83   81
14   29.7  37.1  12:00am  26.2   3:25am    9    0  0.00   3  17  12:00am  NE 29.59   89
15   32.9  38.4   2:20pm  26.2   3:25am   32    0  0.09   2  17  12:00am WSW 29.57   86
16   33.7  32.2  12:00am  32.2  12:00am   29    0  0.00   1   5  12:00am WSW 29.65   84
17   30.9  35.3   3:50pm  26.8   9:25am   47    0  0.00   1   9   2:30pm  SW 29.75   81
18   31.2  38.8  12:35am  27.1   4:30am   15    0  0.01   1  16  12:55am   E 29.36   72
19   34.4  39.8   2:05pm  27.1   4:30am   30    0  0.01   1  16  12:55am   E 29.40   71
20   36.2  41.8   2:35pm  32.3  11:55pm   29    0  0.00   2  13   6:15pm NNE 29.59   73
21   30.9  32.3  12:00am  28.2  11:45pm   34    0  0.07   1  11   3:25pm SSE 29.65   91
22   17.6  23.0   5:35pm  13.8   7:45am   39    0  0.00   5  22   6:10am NNW 29.90   76
23   19.9  22.0   8:00pm  18.2   9:35am   74    0  0.00   3  17   7:55am ENE 29.18   73
24   17.2  20.5  11:55pm  14.7   7:17pm  102    0  0.00   5  26   1:00pm   E 29.86   45
25   24.0  29.4   3:35pm  16.4  10:33pm   37    0  0.00   6  32   6:50pm   E 30.25   59
26   17.5  15.0  12:00am  15.0  12:00am   46    0  0.00   4   4  12:00am NNW 29.88   75
27   17.4  21.2   3:40pm  13.6   8:05am  101    0  0.00   2   9   1:15pm   E 29.80   64
28   31.6  32.8   4:04pm  26.2  12:00am  151    0  0.00   1   4  12:00am   E 30.04   60
29   21.0  26.2  11:20pm  15.2   4:20am  148    0  0.00   1  10   7:05pm   E 29.81   64
30   26.0  23.3  12:00am  23.3  12:00am  162    0  0.00   0   2  12:00am   E 30.02   68
31   22.4  20.0  12:00am  20.0  12:00am  187    0  0.00   1   1  12:00am   E 29.79   70
---------------------------------------------------------------------------------------
TOT  29.9  20.0  11/1/08  20.0  11/1/08 1651    0  0.00   3   1  11/1/08   E 29.65   76

HEAT BASE: 65.0
COOL BASE: 65.0