NOAA-Style Climate Reports

Select a Year or Month report
2017: Jan Feb Mar Apr May Jun Jul Aug Sep Oct Nov Dec
2016: Jan Feb Mar Apr May Jun Jul Aug Sep Oct Nov Dec
2015: Jan Feb Mar Apr May Jun Jul Aug Sep Oct Nov Dec
2014: Jan Feb Mar Apr May Jun Jul Aug Sep Oct Nov Dec
2013: Jan Feb Mar Apr May Jun Jul Aug Sep Oct Nov Dec
2012: Jan Feb Mar Apr May Jun Jul Aug Sep Oct Nov Dec
2011: Jan Feb Mar Apr May Jun Jul Aug Sep Oct Nov Dec
2010: Jan Feb Mar Apr May Jun Jul Aug Sep Oct Nov Dec
2009: Jan Feb Mar Apr May Jun Jul Aug Sep Oct Nov Dec
2008: Jan Feb Mar Apr May Jun Jul Aug Sep Oct Nov Dec
2007: Jan Feb Mar Apr May Jun Jul Aug Sep Oct Nov Dec

Report for 2008 September
                  MONTHLY CLIMATOLOGICAL SUMMARY FOR 9/2008
                                        HEAT  COOL        
     MEAN                               DEG   DEG       WIND SPEED       DOM MEAN  MEAN
DAY  TEMP  HIGH   TIME     LOW   TIME   DAYS  DAYS RAIN AVG  HI  TIME    DIR BAROM HUM
---------------------------------------------------------------------------------------
1    50.6  55.3   4:45pm  45.4   4:05am   14    0  0.01   3  22   8:50am   E 29.70   68
2    51.0  58.1   3:40pm  45.7   5:35am   13    0  0.00   2  16   9:35pm ESE 29.83   75
3    50.4  58.9  10:35am  45.0   7:00am   15    0  0.01   3  18   2:45pm   W 29.83   79
4    50.7  57.9   3:25pm  45.7   4:40am   14    0  0.04   1  10   3:25pm   W 30.06   88
5    50.0  56.0   3:30pm  45.6  11:15pm   15    0  0.02   1  13   4:40pm  NE 30.15   86
6    48.7  54.6  12:10pm  43.2   8:00am   16    0  0.15   2  14   2:45am   W 30.16   78
7    51.6  56.3  11:02am  45.4   1:15am   13    0  0.01   3  33   9:05pm   E 29.77   78
8    51.7  56.5   5:00pm  45.4  10:27pm   13    0  0.41   6  36  11:05pm ESE 29.90   72
9    49.9  54.4  10:15am  44.0   1:55am   15    0  0.38  10  41  10:50am ESE 29.61   72
10   47.0  52.7  12:20pm  42.8  11:20pm   18    0  0.12   1   6   3:20pm   W 29.42   92
11   48.7  52.5  12:45pm  43.6   1:05am   16    0  0.03   6  26   9:45pm   E 29.70   74
12   50.3  52.3  12:15pm  48.1   8:15am   15    0  0.04  13  39   9:02pm   E 29.83   65
13   50.1  53.9   2:00pm  45.2   9:10pm   15    0  0.02   5  35  12:10am  NE 29.79   69
14   47.7  54.9  12:07pm  43.0   4:45am   17    0  0.04   6  27   2:10pm ESE 29.67   76
15   50.0  56.4  12:45pm  42.9  11:45pm   15    0  0.00   5  23   9:30am   E 29.93   68
16   44.0  45.0  12:25am  42.5   8:10am   21    0  0.75   1  10  12:25pm   E 29.66   92
17   45.5  54.4   2:30pm  40.9   6:40am   19    0  0.49   2  19   5:40pm ESE 29.63   86
18   47.9  57.8  12:50pm  41.8   4:35am   17    0  0.11   5  38   5:35pm   E 29.46   72
19   45.7  41.0  12:00am  41.0  12:00am   19    0  0.00   2   4  12:00am   W 29.52   75
20   42.8  49.1  12:05pm  38.2  10:40pm   32    0  0.21   2  12   5:37pm ESE 29.79   84
21   39.3  45.0   4:10pm  35.7  10:10pm   26    0  0.09   1  12   1:00am   E 29.95   85
22   39.2  47.5   5:10pm  33.1  11:50pm   26    0  0.10   0   6  11:30am  SE 30.10   89
23   39.1  43.9   1:25pm  32.9  12:20am   26    0  0.08   1  11   7:25pm ESE 30.10   88
24   41.0  45.5   2:20pm  38.0   6:40am   24    0  0.10   1  11   2:20pm   W 29.96   92
25   37.5  40.0  12:00am  36.0   7:10am   11    0  0.00   1   3   1:10am   E 29.88   93
26   43.7  56.0   2:10pm  36.0   7:10am   21    0  0.00   1  13   5:17pm   W 29.84   79
27   41.5  52.3   3:49pm  33.3   8:30am   23    0  0.00   2  14   2:15pm   W 29.80   76
28   39.7  49.9   4:00pm  30.6  10:25pm   25    0  0.00   2  16  11:55am   W 29.89   58
29   36.0  50.5   2:35pm  28.3   7:55am   29    0  0.00   2  12   4:35pm ENE 29.89   61
30   38.1  49.4   2:35pm  30.3   7:55am   27    0  0.00   1   9   1:15pm  NW 29.66   63
---------------------------------------------------------------------------------------
TOT  45.8  58.9   9/3/08  28.3  9/29/08  571    0  3.23   3  41   9/9/08   E 29.82   78

HEAT BASE: 65.0
COOL BASE: 65.0