NOAA-Style Climate Reports

Select a Year or Month report
2017: Jan Feb Mar Apr May Jun Jul Aug Sep Oct Nov Dec
2016: Jan Feb Mar Apr May Jun Jul Aug Sep Oct Nov Dec
2015: Jan Feb Mar Apr May Jun Jul Aug Sep Oct Nov Dec
2014: Jan Feb Mar Apr May Jun Jul Aug Sep Oct Nov Dec
2013: Jan Feb Mar Apr May Jun Jul Aug Sep Oct Nov Dec
2012: Jan Feb Mar Apr May Jun Jul Aug Sep Oct Nov Dec
2011: Jan Feb Mar Apr May Jun Jul Aug Sep Oct Nov Dec
2010: Jan Feb Mar Apr May Jun Jul Aug Sep Oct Nov Dec
2009: Jan Feb Mar Apr May Jun Jul Aug Sep Oct Nov Dec
2008: Jan Feb Mar Apr May Jun Jul Aug Sep Oct Nov Dec
2007: Jan Feb Mar Apr May Jun Jul Aug Sep Oct Nov Dec

Report for 2008 August
                  MONTHLY CLIMATOLOGICAL SUMMARY FOR 8/2008
                                        HEAT  COOL        
     MEAN                               DEG   DEG       WIND SPEED       DOM MEAN  MEAN
DAY  TEMP  HIGH   TIME     LOW   TIME   DAYS  DAYS RAIN AVG  HI  TIME    DIR BAROM HUM
---------------------------------------------------------------------------------------
1    58.3  71.1   1:25pm  50.0   6:40am    8    1  0.00   1  11   2:50pm   W 29.86   76
2    53.4  59.9   9:10am  46.3   4:30am   12    0  0.00   2  18  11:05am ESE 30.04   82
3    52.9  59.3   6:00pm  47.8   5:30am   12    0  0.00   1  10   2:45pm   W 30.18   85
4    51.4  54.5   5:25pm  48.3   6:35am   22    0  0.00   1   7   3:25pm   W 30.18   89
5    52.4  57.8   6:15pm  47.8   5:35am   13    0  0.00   1  15   4:20am   W 30.10   83
6    53.9  68.8   6:15pm  45.6  11:55pm   11    0  0.00   2  12   4:25pm   W 30.05   81
7    52.4  66.3   3:00pm  43.4   7:10am   12    0  0.00   2  15   5:05pm   E 29.92   71
8    53.0  66.6   4:30pm  41.2   5:50am   12    0  0.01   2  14   5:45pm   W 29.85   70
9    50.7  54.6  11:00am  45.3  12:00am   17    0  0.00   1  10   1:35pm   E 29.84   86
10   54.0  66.6   6:20pm  45.8   3:55am   11    0  0.03   1  13   7:10pm   W 29.97   74
11   54.3  65.2   6:05pm  46.4   6:10am   11    0  0.04   2  17   8:10pm   W 29.91   78
12   54.8  66.0   2:25pm  45.8   5:30am   10    0  0.00   1  10   2:25pm   E 29.59   75
13   54.0  59.1   3:35pm  49.5   1:50am   11    0  0.00   1  12   4:50am   N 29.50   77
14   53.7  58.6   2:45pm  49.8   4:55am   11    0  0.00   1   9  10:50pm   N 29.74   82
15   53.8  59.0   4:25pm  50.1   6:05am   11    0  0.00   1  14  11:50pm   W 30.01   82
16   54.5  62.1   4:10pm  49.4  11:25pm   10    0  0.00   3  22   1:50am   W 29.98   79
17   50.6  59.0   7:25pm  44.3   5:40am   14    0  0.00   1   9   1:55pm   W 29.77   83
18   51.7  63.4  11:20am  41.6   5:45am   13    0  0.00   2  11   4:10pm   E 29.60   73
19   54.8  65.0   5:30pm  45.6   5:45am   10    0  0.00   2  11   1:55pm   W 29.62   74
20   57.3  68.3   3:10pm  49.4   7:00am    8    0  0.00   1   9   2:25pm   W 29.58   74
21   54.9  63.2   3:50pm  48.9   9:40pm   10    0  0.00   1  12   4:40pm WNW 29.60   79
22   53.3  63.6   5:15pm  45.2   5:40am   12    0  0.00   1  11   4:20pm   W 29.62   83
23   54.0  59.5   2:00pm  47.2  11:55pm   11    0  0.00   1  10   6:00pm   W 29.54   84
24   51.2  61.6   5:00pm  43.4   6:20am   14    0  0.00   2  19  11:15pm   W 29.33   83
25   54.2  59.1   1:20pm  47.0  11:05pm   11    0  0.00   4  22   5:45am   E 29.43   71
26   53.4  65.4   5:35pm  48.0  12:35am   11    0  0.01   1   9   2:05pm WNW 29.51   72
27   50.7  59.2   4:55pm  47.4   6:30am   14    0  0.05   0  10  11:20am   W 29.61   87
28   49.7  54.7   5:33pm  46.5   7:00am   15    0  0.12   0   6  11:50am   W 29.77   93
29   52.6  64.9   6:00pm  46.3  11:55pm   12    0  0.20   1  10   3:25pm   W 29.95   86
30   54.3  66.5   2:00pm  45.1   8:25am   11    0  0.00   1  11   1:05pm   W 30.01   78
31   51.7  54.3   2:25am  49.3  12:00am   13    0  0.00   3  21   6:30am   E 29.79   68
---------------------------------------------------------------------------------------
TOT  53.4  71.1   8/1/08  41.2   8/8/08  374    2  0.32   1  22  8/16/08   E 29.78   79

HEAT BASE: 65.0
COOL BASE: 65.0