NOAA-Style Climate Reports

Select a Year or Month report
2017: Jan Feb Mar Apr May Jun Jul Aug Sep Oct Nov Dec
2016: Jan Feb Mar Apr May Jun Jul Aug Sep Oct Nov Dec
2015: Jan Feb Mar Apr May Jun Jul Aug Sep Oct Nov Dec
2014: Jan Feb Mar Apr May Jun Jul Aug Sep Oct Nov Dec
2013: Jan Feb Mar Apr May Jun Jul Aug Sep Oct Nov Dec
2012: Jan Feb Mar Apr May Jun Jul Aug Sep Oct Nov Dec
2011: Jan Feb Mar Apr May Jun Jul Aug Sep Oct Nov Dec
2010: Jan Feb Mar Apr May Jun Jul Aug Sep Oct Nov Dec
2009: Jan Feb Mar Apr May Jun Jul Aug Sep Oct Nov Dec
2008: Jan Feb Mar Apr May Jun Jul Aug Sep Oct Nov Dec
2007: Jan Feb Mar Apr May Jun Jul Aug Sep Oct Nov Dec

Report for 2008 July
                  MONTHLY CLIMATOLOGICAL SUMMARY FOR 7/2008
                                        HEAT  COOL        
     MEAN                               DEG   DEG       WIND SPEED       DOM MEAN  MEAN
DAY  TEMP  HIGH   TIME     LOW   TIME   DAYS  DAYS RAIN AVG  HI  TIME    DIR BAROM HUM
---------------------------------------------------------------------------------------
1    59.6  69.0   6:05pm  38.8   7:40am   30    0  0.00   2  12   1:15pm   W 30.06   54
2    58.4  74.1   4:45pm  40.6   4:00am    9    2  0.00   3  20  11:00pm   E 29.95   52
3    59.0  71.0   1:00pm  53.9  11:30pm   11    2  0.00   3  24   8:15pm   E 29.62   57
4    59.2  72.1   2:45pm  49.5   5:20am    6    1  0.00   2  18   5:35pm   E 29.64   67
5    63.1  73.7   5:45pm  56.2   4:25am    3    2  0.00   1  13  12:40pm   W 29.56   68
6    60.6  69.0   1:15pm  54.4  11:55pm    5    0  0.00   6  34  11:55pm   W 29.65   67
7    52.2  57.7   2:35pm  47.4  11:55pm   13    0  0.02   7  31   1:55am   E 29.90   65
8    49.1  56.3   5:35pm  44.2   5:35am   16    0  0.05   0   6   2:20pm   W 29.96   82
9    52.1  58.4   6:45pm  45.4   3:00am   13    0  0.00   1   9   2:00pm   W 30.06   78
10   52.4  58.0   7:10pm  49.0   5:35am   13    0  0.00   1   6  10:20am   W 30.13   85
11   51.5  57.8   5:12pm  46.3   8:15am   13    0  0.00   1   9   5:19pm WNW 30.18   86
12   54.1  63.6   5:25pm  46.5   5:55am   11    0  0.00   1   9   5:35pm   W 30.15   75
13   50.8  54.3   2:00pm  47.6  11:25pm   19    0  0.01   1   6  12:15pm   W 30.16   91
14   51.9  61.4   4:45pm  46.9   3:00am   13    0  0.06   1   9   1:10pm   W 30.18   88
15   52.8  60.6  11:55am  48.8   5:55am   12    0  0.01   1  10   1:45pm   W 30.15   89
16   54.6  55.1  11:55pm  50.0  12:00am   12    0  0.00  18  34  11:40pm   W 29.90   68
17   50.9  54.7  12:00am  44.5  11:55pm   14    0  0.16   7  41   3:05am   E 29.81   84
18   47.7  55.2   6:40pm  43.3   5:40am   17    0  0.25   1  10   6:50pm   W 29.69   89
19   50.8  63.6   6:55pm  44.3   2:15am   14    0  0.08   1  15  10:30pm   W 29.56   81
20   54.0  62.7   3:55pm  47.8   5:20am   11    0  0.00   3  17   1:15am ESE 29.65   67
21   50.8  54.4  11:10am  47.1  11:30pm   21    0  0.02   5  22   1:10pm ESE 29.73   68
22   49.4  56.9   2:10pm  44.5   5:45am   16    0  0.14   3  20   2:30pm ESE 29.84   79
23   48.0  49.8   6:50pm  45.7  12:00am   19    0  0.01   3  16   7:20pm ESE 29.82   78
24   48.6  54.5   6:10pm  42.8   6:40am   31    0  0.00   1  17   5:10pm   W 29.76   89
25   56.8  70.0   1:20pm  46.4   5:05am    8    0  0.01   1  12  10:45pm   W 29.70   72
26   51.2  54.9   2:35am  46.4  11:55pm   13    0  0.07   1  15  12:00am WNW 29.77   87
27   49.6  56.6   3:15pm  45.4   6:30am   15    0  0.27   1  11   4:15am   W 29.80   88
28   48.5  56.7   2:45pm  42.0   5:20am   17    0  0.11   1   7  10:45am   W 29.82   88
29   57.7  70.4   5:30pm  48.0   7:20am    8    1  0.11   2  12   3:35am   W 29.73   79
30   58.4  62.8   1:05pm  52.8   1:05am    7    0  0.00   1   5  12:25am   E 29.74   76
31   62.4  74.1   6:20pm  54.2   4:25am    4    2  0.00   1  19   5:50pm WNW 29.75   73
---------------------------------------------------------------------------------------
TOT  53.8  74.1   7/2/08  38.8   7/1/08  415   10  0.00   2  41  7/17/08   E 29.85   77

HEAT BASE: 65.0
COOL BASE: 65.0