NOAA-Style Climate Reports

Select a Year or Month report
2017: Jan Feb Mar Apr May Jun Jul Aug Sep Oct Nov Dec
2016: Jan Feb Mar Apr May Jun Jul Aug Sep Oct Nov Dec
2015: Jan Feb Mar Apr May Jun Jul Aug Sep Oct Nov Dec
2014: Jan Feb Mar Apr May Jun Jul Aug Sep Oct Nov Dec
2013: Jan Feb Mar Apr May Jun Jul Aug Sep Oct Nov Dec
2012: Jan Feb Mar Apr May Jun Jul Aug Sep Oct Nov Dec
2011: Jan Feb Mar Apr May Jun Jul Aug Sep Oct Nov Dec
2010: Jan Feb Mar Apr May Jun Jul Aug Sep Oct Nov Dec
2009: Jan Feb Mar Apr May Jun Jul Aug Sep Oct Nov Dec
2008: Jan Feb Mar Apr May Jun Jul Aug Sep Oct Nov Dec
2007: Jan Feb Mar Apr May Jun Jul Aug Sep Oct Nov Dec

Report for 2008 June
                  MONTHLY CLIMATOLOGICAL SUMMARY FOR 6/2008
                                        HEAT  COOL        
     MEAN                               DEG   DEG       WIND SPEED       DOM MEAN  MEAN
DAY  TEMP  HIGH   TIME     LOW   TIME   DAYS  DAYS RAIN AVG  HI  TIME    DIR BAROM HUM
---------------------------------------------------------------------------------------
1    47.0  49.7   3:05pm  43.6   4:05am   18    0  0.01  10  36   4:10am  NE 29.84   54
2    45.8  50.1   8:35pm  41.9   4:30am   19    0  0.00   3  16  12:45am  SW 29.62   69
3    47.9  51.0   4:00pm  43.5   7:45am   31    0  0.00   5  23   8:05pm ENE 29.54   59
4    45.6  51.2   2:45pm  40.6   5:50am   19    0  0.00   4  22   5:15pm   E 29.58   59
5    45.2  48.1   2:20pm  41.3   6:55am   20    0  0.00   6  24   1:40am ENE 29.63   57
6    46.2  53.1   9:15pm  39.1   5:35am   19    0  0.03   2  17   5:45pm   E 29.72   67
7    48.3  52.8   2:00pm  45.0   6:10am   17    0  0.00   4  20  11:00am   E 29.93   60
8    46.8  52.1   8:50pm  42.7  11:55am   26    0  0.00   2  10  12:05pm ENE 30.06   77
9    49.3  56.4   7:45pm  41.9   3:05am   16    0  0.00   3  15  10:25am   E 30.06   64
10   45.9  51.3   6:30pm  41.3   3:35am   19    0  0.00   3  15   8:35pm  SW 30.14   74
11   44.3  48.9   4:50pm  40.9  10:55pm   21    0  0.02   3  15   2:10am WSW 30.20   80
12   44.3  53.0   7:05pm  38.8   3:10am   21    0  0.00   2  13   7:25pm   S 30.12   78
13   49.0  58.2   4:05pm  39.4   4:40am   16    0  0.08   3  21   9:10pm  NW 30.05   73
14   45.8  47.2   2:55am  44.5   5:40am   19    0  0.05   2  12   2:50am  SW 30.23   85
15   46.4  52.6   9:35pm  43.1   4:05am   18    0  0.00   1   9   9:05am   S 30.25   85
16   50.7  57.3   8:40pm  45.6   4:55am   14    0  0.00   2  13   7:50pm SSW 30.10   79
17   53.9  62.9   5:20pm  47.5   6:15am   11    0  0.00   2  13   2:50pm SSW 30.09   72
18   51.6  57.6   3:25pm  45.0   5:40am   13    0  0.00   3  14   1:15pm   E 30.13   75
19   52.5  57.5   7:15pm  48.6   6:55am   22    0  0.00   2   9  11:30am   W 30.15   79
20   53.1  65.0   3:25pm  44.9   6:45am   12    0  0.00   2  14   8:35pm   W 30.05   73
21   49.9  62.2   6:55pm  44.5   9:30am   15    0  0.15   1   9   6:20pm   W 29.89   86
22   49.3  52.3   3:40pm  46.3   9:45am   15    0  0.00   6  29   6:40pm ESE 29.99   71
23   49.4  56.0   4:10pm  43.9   3:55am   16    0  0.00   1  12  12:15am   W 29.97   73
24   53.7  59.6  11:05am  43.5   6:55am   23    0  0.00   7  25  11:20pm ESE 29.89   58
25   51.6  58.7  12:30pm  46.6   4:15am   13    0  0.00   3  20  12:15am   E 29.86   60
26   52.0  54.1   8:00pm  48.7  12:00am   17    0  0.00   3  18   8:35pm ESE 29.76   54
27   53.2  59.0   2:20pm  45.1  11:40pm   26    0  0.00   5  27   8:20pm ESE 29.75   61
28   49.8  58.4  11:20am  39.2   4:30am   15    0  0.00   5  20   3:35pm  NW 29.85   60
29   48.6  56.3  12:05pm  44.6  11:55pm   16    0  0.04   4  21   1:55am ESE 30.18   68
30   52.0  62.2   6:15pm  42.9  11:55pm   26    0  0.00   2  11   5:20pm   W 30.17   67
---------------------------------------------------------------------------------------
TOT  48.8  65.0  6/20/08  38.8  6/12/08  553    0  0.00   3  36   6/1/08   E 29.97   70

HEAT BASE: 65.0
COOL BASE: 65.0