NOAA-Style Climate Reports

Select a Year or Month report
2017: Jan Feb Mar Apr May Jun Jul Aug Sep Oct Nov Dec
2016: Jan Feb Mar Apr May Jun Jul Aug Sep Oct Nov Dec
2015: Jan Feb Mar Apr May Jun Jul Aug Sep Oct Nov Dec
2014: Jan Feb Mar Apr May Jun Jul Aug Sep Oct Nov Dec
2013: Jan Feb Mar Apr May Jun Jul Aug Sep Oct Nov Dec
2012: Jan Feb Mar Apr May Jun Jul Aug Sep Oct Nov Dec
2011: Jan Feb Mar Apr May Jun Jul Aug Sep Oct Nov Dec
2010: Jan Feb Mar Apr May Jun Jul Aug Sep Oct Nov Dec
2009: Jan Feb Mar Apr May Jun Jul Aug Sep Oct Nov Dec
2008: Jan Feb Mar Apr May Jun Jul Aug Sep Oct Nov Dec
2007: Jan Feb Mar Apr May Jun Jul Aug Sep Oct Nov Dec

Report for 2008 May
                  MONTHLY CLIMATOLOGICAL SUMMARY FOR 5/2008
                                        HEAT  COOL        
     MEAN                               DEG   DEG       WIND SPEED       DOM MEAN  MEAN
DAY  TEMP  HIGH   TIME     LOW   TIME   DAYS  DAYS RAIN AVG  HI  TIME    DIR BAROM HUM
---------------------------------------------------------------------------------------
1    38.8  42.0   4:30pm  33.6   6:50am  103    0  0.00   3  12   8:05pm SSW 29.75   65
2    41.4  48.7   4:30pm  36.0   3:40am   24    0  0.03   5  28   8:05pm ENE 29.73   68
3    40.1  43.3   3:40pm  36.0   2:30am   25    0  0.00   5  24  11:55am ENE 29.92   54
4    39.3  45.2   3:55pm  33.6   5:20am   25    0  0.00   2  17   1:50am   S 29.81   62
5    42.9  48.3   2:00pm  37.9   6:45am   41    0  0.00   5  22   4:05pm   S 29.85   54
6    41.6  45.5   4:55pm  36.9   6:40am   59    0  0.00   7  27   3:30pm   S 30.19   50
7    40.7  44.8   3:00pm  37.2   4:35am   24    0  0.00  12  35   9:50pm ENE 30.19   51
8    41.7  43.9   6:05pm  38.9   6:55am   40    0  0.00   9  30   6:50am ENE 30.01   55
9    44.4  46.2   3:35pm  39.9  12:00am   47    0  0.00   6  22   4:10pm ENE 29.78   51
10   45.7  55.9   6:45pm  37.3   5:35am   19    0  0.00   3  15   9:10pm  SW 29.72   54
11   45.4  49.4  11:10am  40.1   2:25am   20    0  0.00   5  39   5:45pm  NE 29.60   52
12   41.1  46.7   1:55pm  36.0   7:00am   37    0  0.05   6  43   1:10pm  SW 29.22   66
13   41.7  46.4   2:25pm  38.9   2:40am   23    0  0.00  11  37   7:35am ENE 29.53   53
14   41.7  47.5   3:55pm  35.0   7:55am   40    0  0.00   3  19  12:00am  SW 29.20   58
15   41.0  42.9  12:00am  40.6  10:20pm   42    0  0.00  17  33   9:40pm  SW 30.07   61
16   41.0  46.6   3:15pm  37.3   6:55am   24    0  0.00   9  36  12:05am ENE 30.13   56
17   42.0  49.9   4:45pm  34.0   5:25am   23    0  0.00   3  18   1:40pm  SW 29.99   58
18   42.7  50.8  12:47pm  36.1   7:00am   22    0  0.00   4  23   6:00pm ESE 30.11   59
19   46.1  49.5   6:40pm  39.2  12:00am   27    0  0.00   2  11   6:00pm ESE 29.90   62
20   55.0  59.0   7:40pm  41.4  12:00am   28    0  0.00   2  10   7:40pm ESE 29.84   42
21   51.4  55.5   4:45pm  44.0  11:55pm   34    0  0.00   5  16   8:20pm ESE 30.08   55
22   47.8  53.5   8:00pm  38.9   6:45am   46    0  0.00   4  15   5:50pm ESE 30.30   64
23   45.4  49.2   4:00pm  41.2   8:05am   18    0  0.00  13  47   1:10pm ENE 30.22   56
24   42.7  46.3  12:00am  38.9  11:55pm   17    0  0.00   4  28   3:35am   S 30.17   74
25   42.0  46.8   1:10pm  38.0   6:10am   22    0  0.00   3  18   1:40pm WSW 30.33   71
26   42.0  50.1   6:05pm  34.1   5:40am   23    0  0.00   3  17  12:55pm SSW 30.30   67
27   49.4  54.7   7:00pm  38.1   6:50am   34    0  0.00   5  17  12:30pm WSW 30.25   49
28   49.8  57.5   5:50pm  39.8   4:45am   15    0  0.00   4  18  10:00am SSW 30.18   46
29   49.1  51.2  10:30pm  47.5  12:00am   16    0  0.00   2   5  11:40pm WSW 30.00   52
30   51.7  56.2   2:50pm  46.8  11:15pm   25    0  0.00  11  33   8:30pm  NE 30.01   52
31   48.2  52.1   3:40pm  45.8  10:37pm   16    0  0.00  13  32   8:15pm ENE 30.02   57
---------------------------------------------------------------------------------------
TOT  43.7  59.0  5/20/08  33.6   5/1/08  959    0  0.00   6  47  5/23/08 ENE 29.95   58

HEAT BASE: 65.0
COOL BASE: 65.0