NOAA-Style Climate Reports

Select a Year or Month report
2017: Jan Feb Mar Apr May Jun Jul Aug Sep Oct Nov Dec
2016: Jan Feb Mar Apr May Jun Jul Aug Sep Oct Nov Dec
2015: Jan Feb Mar Apr May Jun Jul Aug Sep Oct Nov Dec
2014: Jan Feb Mar Apr May Jun Jul Aug Sep Oct Nov Dec
2013: Jan Feb Mar Apr May Jun Jul Aug Sep Oct Nov Dec
2012: Jan Feb Mar Apr May Jun Jul Aug Sep Oct Nov Dec
2011: Jan Feb Mar Apr May Jun Jul Aug Sep Oct Nov Dec
2010: Jan Feb Mar Apr May Jun Jul Aug Sep Oct Nov Dec
2009: Jan Feb Mar Apr May Jun Jul Aug Sep Oct Nov Dec
2008: Jan Feb Mar Apr May Jun Jul Aug Sep Oct Nov Dec
2007: Jan Feb Mar Apr May Jun Jul Aug Sep Oct Nov Dec

Report for 2008 April
                  MONTHLY CLIMATOLOGICAL SUMMARY FOR 4/2008
                                        HEAT  COOL        
     MEAN                               DEG   DEG       WIND SPEED       DOM MEAN  MEAN
DAY  TEMP  HIGH   TIME     LOW   TIME   DAYS  DAYS RAIN AVG  HI  TIME    DIR BAROM HUM
---------------------------------------------------------------------------------------
1    32.9  37.5  12:00am  32.4  11:10pm   92    0  0.00   3  40  12:00am  NE 29.86   91
2    38.7  41.4   6:45pm  33.0  12:00am  101    0  0.00  10  27  11:45pm  NE 29.98   61
3    38.3  41.9   1:10pm  31.9   7:25am   27    0  0.00   7  29  11:55pm ENE 29.92   63
4    37.3  38.9  12:40am  33.0  11:55pm   27    0  0.00  11  38  10:35am ENE 29.75   61
5    22.6  33.0  12:00am  19.1  11:55pm   47    0  0.00   4  14  12:55pm ENE 29.72   89
6    20.4  24.7   4:21pm  17.0   8:15am   37    0  0.00   3  12   9:10am  SW 29.78   84
7    23.9  28.7   5:55pm  16.7   7:15am   68    0  0.00   3  13   4:25pm  SW 29.91   65
8    24.4  28.3  11:55pm  19.4   6:55am   96    0  0.00   4  18  11:35pm  SW 29.76   74
9    21.4  28.2  12:00am  18.5  11:55pm  127    0  0.00   4  20  12:00am  SW 29.64   88
10   22.3  26.9   5:45pm  14.0   6:45am  156    0  0.00   2  11  12:35pm  SW 29.92   71
11   22.8  27.8   5:48pm  17.7   4:15am   39    0  0.00   2  16   6:45pm ENE 30.01   69
12   20.6  28.1   6:40pm  11.8   8:50am   40    0  0.00   3  18   2:30pm WSW 29.73   60
13   32.2  37.1  11:30pm  22.1  12:00am   60    0  0.01   4  22   9:35pm WSW 29.71   58
14   36.1  40.3   3:55pm  32.7   9:40pm   81    0  0.00   6  29   6:20am WSW 29.70   70
15   29.8  35.5  10:25am  20.2  11:50pm  105    0  0.00   4  23   8:36pm  SW 29.57   85
16   23.1  28.3   5:40pm  14.3   6:35am  135    0  0.00   7  25   1:20pm  SW 30.11   47
17   29.8  36.8   8:10pm  22.1   4:50am  163    0  0.01   4  17   9:00am  SW 30.64   45
18   34.3  41.9   5:05pm  27.8   5:30am   29    0  0.00   2  11   1:50pm WSW 30.74   57
19   36.9  44.7   6:20pm  29.7   8:00am   28    0  0.00   2  13   2:15pm SSW 30.56   56
20   39.9  47.4   5:10pm  33.4   6:10am   25    0  0.00   2  12   2:40pm SSW 30.39   54
21   40.8  48.4   5:05pm  33.2   7:20am   24    0  0.00   2  12   2:00pm  NE 30.36   57
22   40.5  49.3   5:50pm  31.9   5:30am   24    0  0.00   2  13   4:20pm   W 30.29   63
23   45.2  54.1   6:40pm  38.0   7:05am   20    0  0.00   2  12   2:55pm NNW 30.10   55
24   47.2  52.3   4:15pm  38.6  11:50pm   28    0  0.00  11  33  11:10pm WSW 29.91   49
25   31.6  39.4   6:30am  26.8  11:05pm   32    0  0.00   7  33  12:00am SSW 29.85   80
26   33.8  36.8   6:50pm  26.8  12:00am   48    0  0.19   3  17  11:00am SSW 29.55   88
27   38.2  42.9   3:25pm  33.7   7:10am   27    0  0.08   4  22   2:50pm  NE 29.52   74
28   39.7  44.6   3:35pm  33.6   7:00am   45    0  0.00   3  14   3:40pm SSW 29.85   58
29   37.5  42.8   6:15pm  29.4   7:10am   65    0  0.00   3  11   3:00pm SSW 29.89   65
30   36.8  40.6   6:50pm  31.2   7:30am   84    0  0.00   5  22   4:40pm SSW 29.83   64
---------------------------------------------------------------------------------------
TOT  32.9  54.1  4/23/08  11.8  4/12/08 1881    0  0.00   4  40   4/1/08 ENE 29.99   65

HEAT BASE: 65.0
COOL BASE: 65.0