NOAA-Style Climate Reports

Select a Year or Month report
2017: Jan Feb Mar Apr May Jun Jul Aug Sep Oct Nov Dec
2016: Jan Feb Mar Apr May Jun Jul Aug Sep Oct Nov Dec
2015: Jan Feb Mar Apr May Jun Jul Aug Sep Oct Nov Dec
2014: Jan Feb Mar Apr May Jun Jul Aug Sep Oct Nov Dec
2013: Jan Feb Mar Apr May Jun Jul Aug Sep Oct Nov Dec
2012: Jan Feb Mar Apr May Jun Jul Aug Sep Oct Nov Dec
2011: Jan Feb Mar Apr May Jun Jul Aug Sep Oct Nov Dec
2010: Jan Feb Mar Apr May Jun Jul Aug Sep Oct Nov Dec
2009: Jan Feb Mar Apr May Jun Jul Aug Sep Oct Nov Dec
2008: Jan Feb Mar Apr May Jun Jul Aug Sep Oct Nov Dec
2007: Jan Feb Mar Apr May Jun Jul Aug Sep Oct Nov Dec

Report for 2008 March
                  MONTHLY CLIMATOLOGICAL SUMMARY FOR 3/2008
                                        HEAT  COOL        
     MEAN                               DEG   DEG       WIND SPEED       DOM MEAN  MEAN
DAY  TEMP  HIGH   TIME     LOW   TIME   DAYS  DAYS RAIN AVG  HI  TIME    DIR BAROM HUM
---------------------------------------------------------------------------------------
1    39.2  40.4  12:15am  37.5   5:55am    6    0  0.06  18  40  12:40am  NE 29.48   59
2    29.4  40.1  12:55pm  16.3   1:15am   29    0  0.00   6  33   9:25am ENE 29.64   64
3    35.7  38.1   6:05pm  31.7  12:00am   49    0  0.00  18  42   9:36pm ENE 29.89   62
4    37.2  40.8   9:59am  34.4   2:00am   27    0  0.00  23  49  12:35pm ENE 29.88   67
5    34.6  40.5  10:40pm  29.8   6:50am   49    0  0.08  17  60   3:20pm ENE 29.41   76
6    22.4  28.6   4:50pm  17.8   9:35am   39    0  0.01   2  12   2:22pm   E 30.16   70
7    33.8  34.4  11:00pm  31.6  12:00am   28    0  0.00   2   9  11:15pm  NW 29.23   84
8    34.3  38.3   4:00am  31.0  12:35am   30    0  0.00   8  43   9:05am ENE 29.47   69
9    36.1  41.2   4:00pm  32.3   3:45am   26    0  0.00   4  26  11:05pm  SW 29.26   66
10   34.0  36.3  12:00am  28.9  10:35pm   47    0  0.00  14  42   9:20am  NE 29.70   50
11   27.7  31.2   2:50pm  23.4  11:45pm   74    0  0.00   3  13   2:15pm  SW 29.83   84
12   24.4  26.5   1:30pm  21.2   8:55am  102    0  0.00   2  10   4:25pm  SW 30.04   88
13   24.2  28.6   5:30pm  19.4  11:40pm  132    0  0.02   2  11   1:15pm  SW 30.10   81
14   22.3  28.6   4:50pm  17.8   9:35am   42    0  0.00   2  12   2:22pm   E 30.16   70
15   26.2  22.3  12:00am  22.3  12:00am   34    0  0.00   3   3  12:00am ENE 29.41   70
16   26.2  31.3   5:10pm  21.4   3:05am   34    0  0.00   3  21   4:40pm ENE 29.41   70
17    0.0  25.3   1:25am  25.3   1:25am    0    0  0.00   0   6   1:25am ---  0.00    0
18   22.9  25.4   5:38pm  19.6   8:20am   91    0  0.00   2  10   5:52pm WSW 29.44   75
19   25.8  30.1  12:25pm  19.2   6:45am  119    0  0.00   4  25   1:55pm WSW 29.50   73
20   25.8  24.1  12:00am  24.1  12:00am  119    0  0.00   4   2  12:00am WSW 29.50   73
21   31.7  39.6   6:15pm  24.3   2:30am   31    0  0.00   3  19   5:05pm WSW 29.69   53
22   32.4  39.7   1:30pm  25.9   7:35am   33    0  0.00   3  18   5:05am  NE 29.56   52
23   27.5  34.4   8:10pm  22.2  10:25am   38    0  0.00   3  22  10:30pm  NW 29.38   60
24   32.7  37.9   4:50pm  28.5  12:05am   32    0  0.00   3  16   6:05pm  NE 29.55   51
25   31.8  37.7   5:35pm  24.9   7:25am   33    0  0.00   3  19   5:15pm  NE 29.82   60
26   28.7  34.4   6:15pm  23.8   7:25am   36    0  0.00   2  12   3:30pm ENE 29.93   58
27   27.5  33.7   4:50pm  23.3   9:00am   37    0  0.00   2  11   2:25pm ENE 30.07   59
28   25.5  32.2   6:10pm  20.3   7:50am   40    0  0.00   2  11  12:50pm  NE 30.17   63
29   26.8  32.7   2:35pm  21.1   5:30am   38    0  0.00   5  29  11:47pm  NE 30.18   60
30   51.2  58.1   3:40pm  45.7   5:35am   11    0  0.00   2  14   6:49pm ESE 29.84   75
---------------------------------------------------------------------------------------
TOT  50.9  58.1   9/2/08  45.4   9/1/08 1408    0  0.01   2  22   9/1/08 ESE 29.76   71

HEAT BASE: 65.0
COOL BASE: 65.0