NOAA-Style Climate Reports

Select a Year or Month report
2017: Jan Feb Mar Apr May Jun Jul Aug Sep Oct Nov Dec
2016: Jan Feb Mar Apr May Jun Jul Aug Sep Oct Nov Dec
2015: Jan Feb Mar Apr May Jun Jul Aug Sep Oct Nov Dec
2014: Jan Feb Mar Apr May Jun Jul Aug Sep Oct Nov Dec
2013: Jan Feb Mar Apr May Jun Jul Aug Sep Oct Nov Dec
2012: Jan Feb Mar Apr May Jun Jul Aug Sep Oct Nov Dec
2011: Jan Feb Mar Apr May Jun Jul Aug Sep Oct Nov Dec
2010: Jan Feb Mar Apr May Jun Jul Aug Sep Oct Nov Dec
2009: Jan Feb Mar Apr May Jun Jul Aug Sep Oct Nov Dec
2008: Jan Feb Mar Apr May Jun Jul Aug Sep Oct Nov Dec
2007: Jan Feb Mar Apr May Jun Jul Aug Sep Oct Nov Dec

Report for 2008 February
                  MONTHLY CLIMATOLOGICAL SUMMARY FOR 2/2008
                                        HEAT  COOL        
     MEAN                               DEG   DEG       WIND SPEED       DOM MEAN  MEAN
DAY  TEMP  HIGH   TIME     LOW   TIME   DAYS  DAYS RAIN AVG  HI  TIME    DIR BAROM HUM
---------------------------------------------------------------------------------------
1     1.6  -1.2  12:00am  -1.2  12:00am  120    0  0.00   1   3  12:00am ESE 29.60   59
2     7.4  13.5  12:53pm  -0.9  10:55pm   55    0  0.00   1  12   8:15am SSW 29.72   63
3     0.5  11.3   1:20pm  -3.5   9:37pm   64    0  0.00   1   9  10:45pm  NE 29.82   66
4    -2.0   3.1   2:35pm  -6.1   5:50am   64    0  0.00   1   5   5:50am  SE 29.77   70
5    -1.6   4.7   2:00pm  -5.5   7:10am   67    0  0.00   1   6  12:00pm ENE 29.68   67
6     1.6  10.8   1:20pm  -3.9   7:40am  120    0  0.00   1  11   6:55pm ESE 29.60   59
7     3.5   9.2  12:55am   1.1   1:50am   15    0  0.00   2  10  12:35am NNW 29.37   81
8     5.5  13.5   3:00pm  -0.4  10:10am   55    0  0.00   2  14   5:15pm   N 30.15   62
9     2.8  10.9   3:29pm  -2.8   9:09pm   60    0  0.00   3  18   1:20am   E 29.55   62
10   -0.7   8.7   2:23pm  -7.9   9:05am   65    0  0.00   1   6   7:05pm NNW 29.33   64
11   24.6  27.1  12:00am  23.0   7:10am   17    0  0.00   1   7   7:45am   E 29.53   69
12   19.0  22.6  12:00pm  14.6  11:45pm   88    0  0.00   3  19   7:55am SSE 29.62   91
13   30.4  37.4   9:59pm  14.6  12:00am   98    0  0.00  10  40   9:02pm SSE 29.22   67
14
15
16
17
18   39.3  40.8  12:00pm  36.4   7:20pm   24    0  0.01  19  51   6:25am SSE 29.49   58
19   36.6  40.2  11:40pm  31.9   7:55am   28    0  0.54   8  46   6:15pm   E 29.14   75
20   37.2  40.6   2:05am  30.9  11:50pm   28    0  0.00   8  45   3:25am ENE 29.30   63
21   34.5  39.7   1:05pm  30.8  12:15am   30    0  0.00   5  27   3:35am   W 29.26   74
22   33.7  37.2  11:40am  29.0  11:55pm   31    0  0.00   6  29   3:50pm ENE 29.76   60
23   28.4  34.4  11:20am  22.7  11:55pm   37    0  0.00   2   9   4:10pm NNE 30.04   61
24   22.4  27.3   3:20pm  18.7   6:50am   43    0  0.00   2  11   2:50pm ENE 30.00   71
25   21.9  29.3   3:15pm  16.1   5:35am   43    0  0.00   1  12  10:40pm ENE 29.93   69
26   19.9  26.9  12:00am  19.6  11:45pm   45    0  0.00   1  10  12:00am SSE 29.60   66
27   27.4  35.3   4:30pm  18.9  12:50am   37    0  0.00   1  10   8:55am SSE 29.72   62
28   32.0  38.6   1:40pm  27.5  11:55pm   61    0  0.00   2  10   7:15pm SSE 29.62   66
29   21.8  27.1  12:00am  10.8  11:57pm   25    0  0.00   3  19  11:29pm NNW 29.47   69
---------------------------------------------------------------------------------------
TOT  17.2  40.8  2/18/08  -7.9  2/10/08 1319    0  0.63   3  51  2/18/08 NNW 29.65   67

HEAT BASE: 65.0
COOL BASE: 65.0