NOAA-Style Climate Reports

Select a Year or Month report
2017: Jan Feb Mar Apr May Jun Jul Aug Sep Oct Nov Dec
2016: Jan Feb Mar Apr May Jun Jul Aug Sep Oct Nov Dec
2015: Jan Feb Mar Apr May Jun Jul Aug Sep Oct Nov Dec
2014: Jan Feb Mar Apr May Jun Jul Aug Sep Oct Nov Dec
2013: Jan Feb Mar Apr May Jun Jul Aug Sep Oct Nov Dec
2012: Jan Feb Mar Apr May Jun Jul Aug Sep Oct Nov Dec
2011: Jan Feb Mar Apr May Jun Jul Aug Sep Oct Nov Dec
2010: Jan Feb Mar Apr May Jun Jul Aug Sep Oct Nov Dec
2009: Jan Feb Mar Apr May Jun Jul Aug Sep Oct Nov Dec
2008: Jan Feb Mar Apr May Jun Jul Aug Sep Oct Nov Dec
2007: Jan Feb Mar Apr May Jun Jul Aug Sep Oct Nov Dec

Report for 2008 January
                  MONTHLY CLIMATOLOGICAL SUMMARY FOR 1/2008
                                        HEAT  COOL        
     MEAN                               DEG   DEG       WIND SPEED       DOM MEAN  MEAN
DAY  TEMP  HIGH   TIME     LOW   TIME   DAYS  DAYS RAIN AVG  HI  TIME    DIR BAROM HUM
---------------------------------------------------------------------------------------
1     9.1  14.2   1:40am   4.6   9:59am   30    0  0.00   1   7  11:25am  NE 29.01   85
2    26.5  34.4   1:30am  20.4   5:19pm   37    0  0.00   1  20  12:50am   E 29.04   79
3    17.9  20.6  12:55am  15.9  11:00pm   46    0  0.00   1   7   4:10am NNE 28.95   90
4    14.2  17.1   1:22pm  10.0   8:25pm   83    0  0.00   0   4  11:15pm ESE 29.03   90
5    28.7  35.0   1:00am  25.7   6:05am   17    0  0.01   1  15  12:50am  NE 30.06   73
6     7.3   9.5   6:05am   5.2   3:40am   55    0  0.00   1   9   5:35am   N 29.24   79
7    17.5  25.1   2:48pm   8.0  12:50am   47    0  0.00   2  15  12:53pm ENE 29.26   82
8    15.1  21.5  12:25am  12.7  11:55am   47    0  0.00   0   5  12:15am WSW 29.37   86
9    13.7  16.6  11:15pm  11.8   3:10am   50    0  0.00   0   5   5:59am ENE 29.26   86
10   11.2  16.6  12:00am   9.5   5:53pm   88    0  0.00   0   5  12:40pm ENE 29.38   86
11    8.9  11.8  12:00am   5.6  10:40am   55    0  0.00   0   3  12:40am ESE 29.52   85
12    3.6   8.5   3:55am  -3.4   8:39pm   44    0  0.00   1  11   3:50am   N 29.55   80
13   -0.2   4.4   2:29pm  -3.9   7:38pm   58    0  0.00   1  15   6:40am   N 29.77   76
14    0.7  19.7  10:55pm  -7.2   5:30am   63    0  0.00   1  28  11:35pm   W 30.01   76
15   17.9  29.9  12:30pm   3.1   4:40am   46    0  0.00   5  42   6:30am  SE 29.82   81
16   24.4  28.9   6:54pm  18.4   9:55am   75    0  0.00   2  12   4:05pm   E 30.11   77
17   24.4  32.8  10:55pm  17.9   5:47pm  104    0  0.00   4  26   6:31pm   E 30.08   74
18    3.5   9.6   3:00pm  -0.7   4:40am   38    0  0.00   2  13  11:50am   E 30.09   73
19   32.3  47.1   6:40pm  24.2  12:45am   32    0  0.00   4  42   9:44pm ENE 30.44   62
20   42.7  48.2   5:50am  31.9  10:50pm   21    0  0.00  20  55   6:36pm ENE 30.17   47
21   38.7  46.3  11:35pm  34.1   5:35pm   26    0  0.00  18  59  11:00pm ENE 30.14   59
22   36.7  45.1  12:35am  30.1  10:15pm   28    0  0.00  14  52  12:35am   E 30.04   53
23   17.8  33.0  12:05am   4.8  11:55pm   47    0  0.00   3  23   8:55am  SE 30.22   61
24    7.7  12.1  10:50pm   4.0   1:30am   57    0  0.00   1  10  10:15pm NNW 30.21   70
25   11.2  16.6   3:00am   5.7  11:45pm   53    0  0.00   2  13   6:30am  SE 29.74   84
26    2.9   9.6   3:00pm  -1.9   8:10pm   55    0  0.00   2  13  11:50am   N 30.14   69
27   12.6  20.0  12:15pm   4.9   6:54pm  121    0  0.04   1   4   6:20am ESE 29.69   85
28   15.9  21.6   1:50pm   9.5   8:35am   87    0  0.00   1  21  12:00am ESE 29.54   82
29   12.2  20.0  12:15pm   4.9   6:54pm  125    0  0.00   0   4   6:20am ESE 29.68   85
30    7.3  12.5   1:15pm   3.2   8:23pm   57    0  0.00   0   4   1:15pm SSW 29.65   84
31    8.2  12.7   1:00pm   4.2  12:15am   55    0  0.00   1   7   1:35pm NNW 29.76   78
---------------------------------------------------------------------------------------
TOT  16.7  48.2  1/20/08  -7.2  1/14/08 1748    0  0.41   3  59  1/21/08 ENE 29.70   75

HEAT BASE: 65.0
COOL BASE: 65.0