NOAA-Style Climate Reports

Select a Year or Month report
2017: Jan Feb Mar Apr May Jun Jul Aug Sep Oct Nov Dec
2016: Jan Feb Mar Apr May Jun Jul Aug Sep Oct Nov Dec
2015: Jan Feb Mar Apr May Jun Jul Aug Sep Oct Nov Dec
2014: Jan Feb Mar Apr May Jun Jul Aug Sep Oct Nov Dec
2013: Jan Feb Mar Apr May Jun Jul Aug Sep Oct Nov Dec
2012: Jan Feb Mar Apr May Jun Jul Aug Sep Oct Nov Dec
2011: Jan Feb Mar Apr May Jun Jul Aug Sep Oct Nov Dec
2010: Jan Feb Mar Apr May Jun Jul Aug Sep Oct Nov Dec
2009: Jan Feb Mar Apr May Jun Jul Aug Sep Oct Nov Dec
2008: Jan Feb Mar Apr May Jun Jul Aug Sep Oct Nov Dec
2007: Jan Feb Mar Apr May Jun Jul Aug Sep Oct Nov Dec

Report for 2007 December
                  MONTHLY CLIMATOLOGICAL SUMMARY FOR 12/2007
                                        HEAT  COOL        
     MEAN                               DEG   DEG       WIND SPEED       DOM MEAN  MEAN
DAY  TEMP  HIGH   TIME     LOW   TIME   DAYS  DAYS RAIN AVG  HI  TIME    DIR BAROM HUM
---------------------------------------------------------------------------------------
1    27.3  31.4   1:30am  22.4   7:09pm  119    0  0.00   1   6   6:22pm ENE 30.19   53
2     8.5  17.3  12:00am  17.3  12:00am   53    0  0.00  11   4  12:00am   E 29.66   68
3    12.7  21.7  12:00am   5.9  11:15pm   48    0  0.00   3  22   3:30am   E 29.52   59
4     8.5  18.1  10:45pm   2.5   3:35am   53    0  0.00  11  31  12:20pm   E 29.66   68
5    27.4  37.0  10:45pm  17.3  12:00am   80    0  0.00   4  29  11:50pm ENE 30.21   77
6    34.8  39.6  12:40am  29.1   8:05am   12    0  0.00   6  34  12:35am  SE 30.07   66
7    35.7  40.6   6:46pm  29.1   8:05am   27    0  0.00  12  50  11:44pm ENE 29.99   63
8     6.1   9.3   1:45pm   4.4   4:30am   33    0  0.00   1   9   1:46pm   N 29.46   76
9    34.5  39.0   3:18pm  30.5  12:05am   29    0  0.00   4  29   2:37pm ENE 30.04   69
10   32.5  38.3   6:50am  28.3   1:05pm   51    0  0.01   5  44   3:45pm ENE 29.31   83
11   30.3  35.7  12:00am  28.7   8:47pm   75    0  0.00   0   7  12:50pm ENE 29.57   93
12   27.3  30.9   1:45pm  25.0  10:50am  100    0  0.00   0   9   1:40pm ENE 29.82   80
13   19.3  26.2  12:00am  16.9   9:30pm  107    0  0.00   0   3   5:45pm ENE 29.93   86
14   15.1  18.7   1:35pm  12.7   7:59pm  142    0  0.00   1  10  10:55pm   E 29.68   79
15   11.6  14.8  12:55am   6.0  11:10pm   50    0  0.00   2  16  10:55am   E 29.47   75
16    3.3  28.7   7:47pm  -3.3   7:15am   53    0  0.00   3  38   8:04pm  SE 29.64   76
17    7.4  11.2   1:05pm   5.5  12:00am   97    0  0.00   2   9   4:15pm   E 29.34   73
18    5.2   8.5   1:20pm   0.6  11:25pm   57    0  0.00   1   5   1:30am NNW 29.39   80
19    1.2   4.7   1:10pm  -1.7   6:47pm  101    0  0.00   1   6   7:35am ESE 29.59   75
20    4.3  28.7   7:47pm  -3.3   7:15am   59    0  0.00   3  38   8:04pm  SE 29.62   76
21   25.6  36.3   1:02pm  17.4  12:00am   22    0  0.00   4  33  10:50am  SE 29.25   74
22   29.2  36.3   1:02pm  17.4  12:00am   35    0  0.00   6  33  10:50am ESE 29.25   68
23   16.7  29.5   6:26pm  10.6   4:00am   42    0  0.00   4  32   6:19pm   N 29.48   73
24   17.0  29.5   6:26pm  10.6   4:00am   45    0  0.00   4  32   6:19pm   N 29.46   74
25   16.7  29.1   1:25am   8.1  11:35pm   48    0  0.00   3  21   3:10pm   W 29.62   87
26   13.0  23.5  10:45pm   8.1  12:00am   52    0  0.00   1  11   4:55pm ENE 29.81   86
27   24.6  33.5  11:45pm  17.0   9:00am   40    0  0.00   2  15  12:10pm   E 29.42   77
28   27.3  33.8   1:20am  22.7   9:40pm   38    0  0.00   1  17   1:45am   N 29.40   76
29   20.0  26.6  12:55am  17.4   7:35pm   45    0  0.00   1  18   4:20am  SE 29.55   85
30   18.3  34.5  11:25pm  15.1   1:10pm   47    0  0.00   2  46  11:25pm   E 29.90   83
31   33.6  39.3   6:05am  26.7  11:54pm   31    0  0.00  12  51   5:25am   E 29.95   55
---------------------------------------------------------------------------------------
TOT  21.1  42.9  12/8/07  -3.3 12/20/07 1792    0  0.11   4  60  12/8/07 ENE 29.64   72

HEAT BASE: 65.0
COOL BASE: 65.0