NOAA-Style Climate Reports

Select a Year or Month report
2017: Jan Feb Mar Apr May Jun Jul Aug Sep Oct Nov Dec
2016: Jan Feb Mar Apr May Jun Jul Aug Sep Oct Nov Dec
2015: Jan Feb Mar Apr May Jun Jul Aug Sep Oct Nov Dec
2014: Jan Feb Mar Apr May Jun Jul Aug Sep Oct Nov Dec
2013: Jan Feb Mar Apr May Jun Jul Aug Sep Oct Nov Dec
2012: Jan Feb Mar Apr May Jun Jul Aug Sep Oct Nov Dec
2011: Jan Feb Mar Apr May Jun Jul Aug Sep Oct Nov Dec
2010: Jan Feb Mar Apr May Jun Jul Aug Sep Oct Nov Dec
2009: Jan Feb Mar Apr May Jun Jul Aug Sep Oct Nov Dec
2008: Jan Feb Mar Apr May Jun Jul Aug Sep Oct Nov Dec
2007: Jan Feb Mar Apr May Jun Jul Aug Sep Oct Nov Dec

Report for 2007 November
                  MONTHLY CLIMATOLOGICAL SUMMARY FOR 11/2007
                                        HEAT  COOL        
     MEAN                               DEG   DEG       WIND SPEED       DOM MEAN  MEAN
DAY  TEMP  HIGH   TIME     LOW   TIME   DAYS  DAYS RAIN AVG  HI  TIME    DIR BAROM HUM
---------------------------------------------------------------------------------------
1
2
3
4    37.8  38.3   9:42pm  37.1   9:30pm   12    0  0.01  15  36   3:45pm ENE 29.99   56
5    34.1  32.8   4:36pm  28.4   9:30pm   31    0  0.01   3   7   4:42pm ENE 29.90   67
6    30.5  35.7   1:30pm  26.6   4:42pm   35    0  0.00   2  19   8:30am ESE 29.78   68
7    37.5  42.0   9:30am  28.8  12:00am   27    0  0.01  11  37   1:30pm   E 29.65   65
8    39.5  42.9   8:21pm  36.5   2:30am   25    0  0.01  15  51  10:00am   E 29.47   58
9    35.7  40.7   1:00pm  33.1  11:00pm   29    0  0.01   4  29  12:00am ENE 28.97   68
10   32.0  34.0   4:07pm  30.0   6:30am   33    0  0.01   1  14  11:30pm  NW 28.90   83
11   26.4  27.3  12:00am  25.8   9:00am   48    0  0.00   0   0  12:00am ENE 29.29   94
12   29.3  33.4  12:00am  33.4  12:00am   87    0  0.00   7  21  12:00am NNE 29.36   72
13   29.3  37.3   7:18pm  21.8  11:00am   87    0  0.00   7  35   9:28pm ENE 29.36   72
14   26.7  28.9   2:15am  24.4   3:20am   10    0  0.00   1  12   2:00am ENE 29.34   72
15   20.7  22.0  12:55am  19.0   8:50am   28    0  0.00   3  14  12:15am NNW 29.39   82
16   22.8  24.6   1:20pm  20.1  10:58pm   68    0  0.00   1  12  11:50pm ESE 29.15   80
17   36.4  37.3  12:00am  34.9   2:34am    4    0  0.00   4  11  12:10am  NE 29.98   58
18   21.0  22.4  11:45am  19.3   7:50am   35    0  0.00   1   7  12:50pm NNW 29.66   88
19   23.3  32.2   5:15pm  19.5   9:35am   42    0  0.00   2  21   5:05pm  NW 29.91   83
20   34.3  41.8  12:50pm  20.5  12:20am   31    0  0.32   7  47  11:25am ENE 29.67   80
21   41.9  44.8   1:45pm  35.6  12:00am   23    0  0.18  18  55  10:25am ENE 29.76   59
22   41.6  45.8   4:30am  35.4  11:35pm   23    0  0.30  10  45   7:55pm   E 29.83   67
23   35.3  39.9   8:15am  31.7  11:50pm   30    0  0.03   4  31   3:35am  NW 29.50   85
24   32.2  38.3  11:25pm  28.8  11:10am   33    0  0.01   3  35   9:55pm ENE 29.65   82
25   36.6  40.5   5:45am  32.1   2:55pm   28    0  0.15   9  38   3:30am ENE 29.38   69
26   37.9  41.5   1:30pm  33.5   1:25am   27    0  0.01   6  28  12:25am  NE 29.48   64
27   34.4  37.6   2:10pm  32.1  10:25am   37    0  0.00   1  16  12:00am ENE 30.24   67
28   34.1  32.8  12:00am  32.8  12:00am   40    0  0.00   1   3  12:00am ENE 30.28   68
29   31.8  30.2  12:00am  30.2  12:00am   63    0  0.00   1   1  12:00am ENE 30.59   73
30   32.1  35.5   8:50am  28.8  10:28pm   85    0  0.00   1   7   7:55am  SE 30.43   55
---------------------------------------------------------------------------------------
TOT  32.0  45.8 11/22/07  18.6 11/17/07 1022    0  1.41   5  55 11/21/07 ENE 29.68   73

HEAT BASE: 65.0
COOL BASE: 65.0